 56 = -4*h + 2*b, w*h = -b + 149. Calculate the greatest common divisor of 48 and h.
12
Let p be -3*(6 - (3 - (-1096)/6)). Calculate the highest common divisor of p and 77.
77
Let o = 76 + -48. Suppose 0 = -48*k + 42*k + 672. Calculate the highest common factor of k and o.
28
Suppose d - 33 + 26 = 0. Let r(a) = -a + 12. Let w be r(d). Suppose 4*l + w = 13. Calculate the highest common factor of 14 and l.
2
Let m be 340/(-51)*(-12)/20. Calculate the highest common divisor of m and 76.
4
Let a be -130*2*(-3)/12. Let z = -23 + a. Calculate the highest common divisor of 63 and z.
21
Suppose 0 = -5*r - 328 - 32. Let k = 96 + r. Calculate the highest common divisor of k and 48.
24
Suppose -5*d + 4741 = 2*w, 5*w - 6482 = -4*d + 5345. Calculate the greatest common divisor of w and 17.
17
Suppose 5*n - 3*l + 29 = -7*l, 13 = -3*n + 2*l. Let a(i) = i + 10. Let r be a(n). Let o = r - -3. Calculate the greatest common divisor of o and 12.
4
Let j(q) = -11*q - 94. Let u be j(-10). Calculate the greatest common factor of 12 and u.
4
Suppose -6*l + 5*l + 1 = 0, -40 = -5*a - 5*l. Suppose 3*c - a*c = -h - 107, -2*h = 4*c - 98. What is the highest common factor of c and 130?
26
Let s = -212 - -95. Let g = s - -120. Calculate the highest common factor of 12 and g.
3
Suppose 0*i - 74 = -5*r - i, -2*r = 4*i - 26. Suppose -n - 58 = -4*f, 5*f - 32 - 35 = 4*n. What is the highest common factor of f and r?
15
Let v(k) = -5*k - 18. Let x be v(-5). Suppose t = 5*u + 34, -2*t + 5*u + 46 = -x. What is the highest common factor of 171 and t?
19
Let p = -3 + 3. Suppose t + p*t = 46. What is the highest common divisor of t and 23?
23
Suppose 0 = 3*h + 22*h - 325. What is the greatest common factor of 221 and h?
13
Let a be (72/(-15))/((-2)/10). Suppose 126 = 18*w + 72. What is the highest common divisor of w and a?
3
Let y be (-25)/35 + 1 - 8447/(-7). Calculate the greatest common factor of y and 71.
71
Suppose 0 = 4*j + 3*b - 5, -4*b - 17 = 3. Suppose -59 + 9 = -j*s. What is the greatest common divisor of s and 40?
10
Let g(o) = o**2 - 2*o - 3. Let h be g(2). Let d be ((-72)/(-10))/(h/(-75)). Calculate the highest common divisor of d and 20.
20
Let h(l) = 671*l + 34. Let m be h(1). What is the highest common factor of m and 15?
15
Let y be (-12 - 2304/(-63))*(-7)/(-2). Calculate the greatest common divisor of 2 and y.
2
Suppose 4*k - 2*k = -5*a + 93, -3*a - 186 = -5*k. Let i be 5 - (-152)/(-8) - -209. What is the greatest common divisor of k and i?
39
Let j(z) be the third derivative of z**6/120 + z**5/4 + z**4/2 - z**3/6 - 16*z**2. Let i be j(-14). Calculate the greatest common factor of 3 and i.
3
Let s(m) = m**2 - 2*m - 3. Let j be s(5). Suppose -13*z + 14*z = -5*n + 477, 3*n = 5*z + 303. What is the highest common divisor of j and n?
12
Let g = -257 - -284. Let b = 43 + -21. Let f = 31 - b. What is the highest common factor of f and g?
9
Let f be -3*5/45*-150. Let m = 70 - f. What is the highest common factor of 4 and m?
4
Let b(a) = -59*a - 11. Let k be b(-1). What is the greatest common factor of 24 and k?
24
Suppose 4*f + 3*t = -t + 1264, -2*f + t + 635 = 0. Suppose -6*i + 163 = -f. Calculate the highest common divisor of i and 10.
10
Let n(l) = 3*l**2 + 18*l + 18. Let u be n(-7). What is the highest common factor of u and 156?
39
Let t = -59 - -54. Let n(f) = -6 - f**3 + 3*f**3 - 3*f - 2 + 10*f**2 + 0*f**3. Let a be n(t). Calculate the highest common factor of a and 56.
7
Suppose -9*n + 0*n + 171 = 0. Suppose 0 = 37*z - 42*z + 760. Calculate the highest common divisor of z and n.
19
Let r(k) = 7*k**2 - 41*k - 16. Let c be r(-4). Calculate the highest common factor of 13 and c.
13
Suppose 5*g + 12 = -4*z, -5*z = -2*g + 3*g + 36. Let h be (-276)/(-16) + (-6)/z. Let d be (h/(-45))/(1/(-15)). What is the highest common factor of d and 24?
6
Let n = -3 - -5. Suppose 2*b + 28 = n*k, 0*k = 4*k - 3*b - 56. Let z be 1/5 - ((-445)/25 - -4). What is the highest common factor of z and k?
14
Suppose -3*s = -21 + 18. Let n be (-8)/4 - (-30)/s. What is the highest common divisor of n and 7?
7
Suppose -4*y - 135 = -9*y. What is the greatest common factor of 243 and y?
27
Suppose -4*g = -5*j + 305, 2*j - 57 = g + 62. Suppose b - 161 = -j. What is the highest common factor of 13 and b?
13
Let q be -20*(3978/12)/(-13). What is the highest common divisor of q and 30?
30
Let m be 2/(3/(-18)*3). Let v be (-16)/(-3)*(-6)/m. Calculate the greatest common factor of 8 and v.
8
Suppose 3*r + 6 = 6*r. Let x = -20 - -30. Suppose 3*d + x = 4*d. What is the highest common factor of r and d?
2
Suppose -6*j = -3*j - 12. Let c be (j - 19)/(-2 - -1). Let b = c - 1. What is the greatest common factor of 2 and b?
2
Let i be -36*(1 - 0/(-1)). Let c = -30 - i. Let b be 8/(-12)*c*-14. Calculate the greatest common divisor of b and 7.
7
Let w(m) = 17*m**2 - m. Let a be w(1). Suppose 2*x - 6*x = 16, 5*g - 997 = -2*x. Let z = 377 - g. Calculate the greatest common factor of z and a.
16
Let o be 1 + 2/((-2)/(-2)). Suppose 0 = -17*k + 13*k + 16. Suppose o*x = -k*t + 37, 18 = 5*x + 4*t - 49. What is the greatest common divisor of 60 and x?
15
Suppose 0 = 5*r + g - 1708, 3*r + 2*g + 431 = 1453. Calculate the highest common factor of 18 and r.
18
Let w = 138 + -106. What is the greatest common factor of 4 and w?
4
Suppose 49*x - 58*x + 2331 = 0. What is the highest common factor of x and 7?
7
Let z be 16/4 - (2 - 1). Suppose -c = -z*c + 60. Calculate the highest common divisor of c and 12.
6
Let k be (-40)/(((-42)/(-9))/(-7)). Calculate the highest common divisor of k and 90.
30
Let y be (-4)/(4 + (-36)/8). Let r(m) = -2 + 5 + 6*m - y. Let v be r(2). Calculate the greatest common divisor of v and 35.
7
Suppose 48 + 0 = 3*k. What is the highest common divisor of k and 184?
8
Let w be (-273)/1274 - 1182/(-28). Calculate the greatest common factor of w and 258.
6
Suppose 119 = 3*g - 5*a, -5*g - 4*a + 149 = -0*a. Suppose -2*l = -6*l. Suppose l = -4*r - r + 1815. Calculate the highest common divisor of r and g.
33
Let p = -624 - -1144. Suppose c = 6*c - p. Let f be c/6*3 - -2. Calculate the highest common divisor of 36 and f.
18
Let p(y) = 9*y**2 + y + 3. Let d be p(-4). Suppose -d = -b + 15. Let g = 235 - b. Calculate the highest common divisor of 11 and g.
11
Suppose -2*d + 14 = -26. Let h(z) = 14*z + 480. Let a be h(-30). What is the highest common divisor of a and d?
20
Suppose t - 60 = -4*n, 0 = -t - 3*n + 25 + 37. Calculate the greatest common factor of 323 and t.
17
Let f = 21 - 11. Let i = 10 - f. Suppose c + 0 - 2 = i. Calculate the highest common divisor of c and 3.
1
Let a = 41 - 38. Suppose 5*u - 5*n - 277 = a*u, -2*u = 4*n - 232. What is the greatest common factor of u and 14?
14
Suppose -3*q + 201 = 3*c, 41 = q - 3*c - 30. Calculate the highest common divisor of q and 68.
68
Let t(d) = 3*d + 22. Let l be t(-6). Suppose 114 = -l*r + 7*r. What is the highest common divisor of 19 and r?
19
Let y(g) = -2*g + 3. Let z be y(-7). Let m = z - 7. Suppose 3*u - 15 = 15. What is the greatest common factor of m and u?
10
Let s(x) = -x**2 - x + 14. Let k be s(0). Let v = 13 - k. Let f be (-1)/v - (-7 + -136). What is the highest common divisor of 18 and f?
18
Suppose 14*b - 9240 = -10*b. Calculate the highest common divisor of b and 616.
77
Suppose 26*z - 7702 = 13254. What is the highest common factor of z and 26?
26
Suppose -3*s + 5*s = 4. Let f be (-3 - -1)/s*(1 - 111). What is the highest common divisor of f and 44?
22
Suppose a + 21 = -4*d, 0*a + 5*a + 15 = -2*d. Let m be 68*a/(4/(-5)). Calculate the highest common factor of m and 34.
17
Suppose 231 = 3*t + 21. What is the greatest common divisor of 50 and t?
10
Suppose -3*g + 9 = -0*d - 3*d, -3*d - 5 = -g. Suppose 0 = 4*y - g*i - 76, 5*i = 6*i + 4. Calculate the greatest common divisor of y and 68.
17
Suppose -4*a + 29 - 137 = 0. Let f = -18 - a. Calculate the highest common divisor of f and 9.
9
Let m(v) = 4*v**2 + 36*v + 9. Let s be m(-9). What is the greatest common factor of s and 54?
9
Suppose -3*s - 2*v + 4*v = -230, -65 = -s + 3*v. Calculate the highest common factor of s and 10.
10
Let f(x) = 9*x**2 - 6*x - 55. Let r be f(11). Calculate the highest common divisor of 88 and r.
88
Suppose 900 = -8*f + 17*f. Let t = -6 + 16. Calculate the greatest comm